{"id":89,"date":"2023-04-03T20:55:55","date_gmt":"2023-04-03T18:55:55","guid":{"rendered":"https:\/\/iicmarsiglia.esteri.it\/lingua-e-cultura\/borse-di-studio\/"},"modified":"2023-05-17T16:32:41","modified_gmt":"2023-05-17T14:32:41","slug":"borse-di-studio","status":"publish","type":"page","link":"https:\/\/iicmarsiglia.esteri.it\/fr\/lingua-e-cultura\/borse-di-studio\/","title":{"rendered":"Bourses d&rsquo;\u00e9tudes"},"content":{"rendered":"<p><strong>La section bourses d&rsquo;\u00e9tudes offre une panoramique sur les bourses offertes et \/ ou promues par le Minist\u00e8re des Affaires Etrang\u00e8res et de la Coop\u00e9ration Internationale pour les italiens et pour les \u00e9trangers et d&rsquo;autres.<\/strong><\/p>\n","protected":false},"excerpt":{"rendered":"La section bourses d&rsquo;\u00e9tudes offre une panoramique sur les bourses offertes et \/ ou promues par le Minist\u00e8re des Affaires Etrang\u00e8res et de la Coop\u00e9ration Internationale pour les italiens et pour les \u00e9trangers et d&rsquo;autres.","protected":false},"author":1,"featured_media":0,"parent":75,"menu_order":2,"comment_status":"closed","ping_status":"closed","template":"","meta":{"footnotes":""},"class_list":["post-89","page","type-page","status-publish","hentry"],"_links":{"self":[{"href":"https:\/\/iicmarsiglia.esteri.it\/fr\/wp-json\/wp\/v2\/pages\/89","targetHints":{"allow":["GET"]}}],"collection":[{"href":"https:\/\/iicmarsiglia.esteri.it\/fr\/wp-json\/wp\/v2\/pages"}],"about":[{"href":"https:\/\/iicmarsiglia.esteri.it\/fr\/wp-json\/wp\/v2\/types\/page"}],"author":[{"embeddable":true,"href":"https:\/\/iicmarsiglia.esteri.it\/fr\/wp-json\/wp\/v2\/users\/1"}],"replies":[{"embeddable":true,"href":"https:\/\/iicmarsiglia.esteri.it\/fr\/wp-json\/wp\/v2\/comments?post=89"}],"version-history":[{"count":0,"href":"https:\/\/iicmarsiglia.esteri.it\/fr\/wp-json\/wp\/v2\/pages\/89\/revisions"}],"up":[{"embeddable":true,"href":"https:\/\/iicmarsiglia.esteri.it\/fr\/wp-json\/wp\/v2\/pages\/75"}],"wp:attachment":[{"href":"https:\/\/iicmarsiglia.esteri.it\/fr\/wp-json\/wp\/v2\/media?parent=89"}],"curies":[{"name":"wp","href":"https:\/\/api.w.org\/{rel}","templated":true}]}}

Bourses d&rsquo;études

<p><strong>La section bourses d&rsquo;études offre une panoramique sur les bourses offertes et / ou promues par le Ministère des Affaires Etrangères et de la Coopération Internationale pour les italiens et pour les étrangers et d&rsquo;autres.</strong></p>

La section bourses d&rsquo;études offre une panoramique sur les bourses offertes et / ou promues par le Ministère des Affaires Etrangères et de la Coopération Internationale pour les italiens et pour les étrangers et d&rsquo;autres.
